 2/(-3). Let t = -905 - -1301. Suppose -9*m - t = -12*m. Calculate the greatest common factor of w and m.
12
Let x be 1 + (-1)/(-3)*3. Suppose -2*m - x + 22 = 0. What is the greatest common divisor of m and 5?
5
Suppose -5*f = -8 - 17. Suppose f*z = z. Suppose -3*n + 51 = -z*n + 3*d, 0 = d + 3. What is the highest common factor of 30 and n?
10
Suppose -4*d + 6*d - 26 = 0. Let v(k) = k**2 - 3*k - 5. Let g be v(6). What is the highest common divisor of d and g?
13
Let u be (2/5)/(3/15). Suppose u = m - 18. Let t(z) = -z**3 - 4*z**2 + 2*z. Let h be t(-6). Calculate the highest common divisor of h and m.
20
Let o = 58 - 0. Calculate the greatest common divisor of o and 87.
29
Let n be 0 + -3 - (-5 - 2). Let y be 10/25*(n + 1). What is the highest common factor of 10 and y?
2
Let v = 136 - 56. Let a be -3 - -26*2/4. What is the greatest common divisor of a and v?
10
Let s be (-6)/((-6)/(-2)) - -6. Let m be (-192)/(-18) - s/6. Calculate the highest common divisor of 50 and m.
10
Let l be 401*1/7 + (-2)/7. Calculate the highest common factor of l and 38.
19
Suppose 3*i + 0*i = 3. Let c = -4 + 8. Calculate the greatest common factor of c and i.
1
Suppose -4*i - 2*w = -104, 2*i - 5*w - 27 - 25 = 0. Calculate the greatest common factor of i and 13.
13
Let b(v) = v**3 + v**2 - 4. Let f be b(0). Let o be (-114)/(-27) - f/(-18). Suppose o*s - 38 = 2*s. Calculate the highest common factor of 76 and s.
19
Let o(w) = -8*w - 1. Let t be o(-2). What is the highest common factor of t and 135?
15
Suppose 0 = 14*c - 20*c + 174. What is the highest common factor of c and 319?
29
Let f(z) = 3*z**2 + z - 2. Let h be f(1). Suppose h*b - 4*q - 30 = 130, -3*b = 2*q - 208. What is the greatest common factor of 18 and b?
18
Let z(w) = 8*w - 2. Let o be z(8). Suppose o = 4*y + 4*c - 22, -c - 63 = -3*y. Let f = 1 + 6. Calculate the greatest common divisor of y and f.
7
Let h be (3 - (-228)/2) + 0. What is the highest common divisor of h and 13?
13
Suppose -5*a + 40 = 2*n, -2*a + 5*n + 18 + 27 = 0. Let y be (-8 + 18)*16/a. Calculate the highest common factor of y and 2.
2
Suppose -z - 4 = -3. Let y be 3 + (0 + z)*-14. Let h = 35 - y. Calculate the highest common divisor of 6 and h.
6
Let h(p) = 16*p**2 + 2*p + 2. Let u be h(-1). Suppose 171 = n + 5*v, -v = -0*n + n - 175. Calculate the greatest common factor of n and u.
16
Let a = -3 - -8. Suppose o + 14 = a*b, 3*o - 4 = -16. What is the greatest common factor of b and 4?
2
Let k = -8 - -12. Suppose 0 = -4*f - 0*f - 5*v + 60, 15 = f - k*v. Let r = 384 + -219. What is the greatest common factor of r and f?
15
Let y(n) = 7*n - 7. Let u be y(5). Calculate the highest common divisor of 308 and u.
28
Suppose -4*a = a - 20. Suppose -b + 16 = 3*b. What is the greatest common divisor of b and a?
4
Let q(w) = 40*w**3 - 2*w**2 + 4*w - 3. Let i be q(1). Calculate the greatest common factor of i and 195.
39
Suppose -2*l = -26 - 4. Let x be ((-2)/5)/((-1)/l). Calculate the greatest common divisor of x and 6.
6
Let i = 39 + -9. Let u be (36/8)/((-12)/(-16)). Calculate the highest common divisor of i and u.
6
Suppose 3*m = -m + 8. Calculate the greatest common divisor of 1 and m.
1
Let b = -3 + 3. Suppose -2*u = -3*v - 9 + 57, b = -2*u - 6. Calculate the highest common divisor of v and 2.
2
Let m = -54 - -119. Calculate the highest common factor of 52 and m.
13
Suppose 0 = -j, 2*x - 3*j = j - 82. Let r = 71 + x. What is the greatest common factor of 10 and r?
10
Let b(d) = d + 4. Let p be b(-2). Suppose -19 = -p*h - 3. Suppose -127 = -4*s - 0*s - l, 0 = 2*s - 3*l - 67. Calculate the highest common divisor of s and h.
8
Let t(b) = 6*b + 10. Let k be t(10). Let p be 11 - 1/(-2 - -3). Calculate the highest common factor of p and k.
10
Let h = -14 - -26. Suppose -2*l - l + h = 0. Suppose 2*z + 2 = -3*q - q, 5*q = -l*z + 5. What is the highest common divisor of z and 35?
5
Let b(r) = -r**3 + 15*r**2 + 3*r + 12. Let z be b(15). What is the highest common divisor of 19 and z?
19
Let i = -17 + 7. Let c be 4/i - 591/(-15). Calculate the greatest common factor of 26 and c.
13
Let f be 2/6 - ((-7546)/21)/11. Calculate the greatest common factor of 231 and f.
33
Let h be (5/(-2))/5*-112. Calculate the highest common factor of 8 and h.
8
Let p be (0 + -2 - -32)*3. Suppose 0*w = 3*w - 30. Calculate the greatest common factor of p and w.
10
Suppose 5*y - 2 = 8. Let g be y - 3*(-26)/3. Calculate the greatest common factor of g and 42.
14
Let l be (2 + -2 - 0)*-1. Suppose l = 2*a + 4*q + 26, 2*q = -a - q - 15. Let o = a - -21. Calculate the highest common divisor of o and 18.
6
Suppose 0 = 4*s - 5*z - 29, -2*s = 3*s + 2*z - 28. Let h = 32 - 23. What is the greatest common factor of s and h?
3
Let w(q) = q**3 - 6*q**2 + 8*q - 5. Let b be w(5). Calculate the greatest common divisor of b and 50.
10
Let b = -10 + 24. Calculate the greatest common factor of b and 56.
14
Suppose 3*w - 4 = w + i, w - i - 1 = 0. Let u = 39 - w. Calculate the greatest common factor of u and 12.
12
Let x = 5 + 0. Suppose -o - 2*r = -r - 10, 30 = 5*o - x*r. Calculate the highest common factor of o and 64.
8
Suppose 16*f - 84 = 13*f. Let k = -10 + 14. Calculate the highest common factor of k and f.
4
Suppose -3*d = 2*k - 754, -5*k - 4*d - 159 = -2058. Let u = k + -257. What is the greatest common factor of 18 and u?
18
Suppose 5*i = 6*i - 4. Calculate the greatest common factor of i and 12.
4
Let f = -91 - -124. What is the greatest common divisor of f and 165?
33
Suppose 0 = -k - 2. Let n be (-302)/(-3) - k/(-3). Let a(u) = -4*u - 4. Let b be a(-6). What is the greatest common factor of n and b?
20
Let r be ((-12)/8)/((-3)/(-248)). Let i be -3 + -2 + 2 - r. Calculate the greatest common factor of 11 and i.
11
Let l(t) = t**3 + 9*t**2 - t - 8. Let j be l(-9). Let c be (-2 - -2)/(-1 - j). Let x be 1*(c - (-16)/1). What is the greatest common factor of 8 and x?
8
Let w(i) = 2*i - 8. Let x be w(6). Suppose -12*l + 11*l + 2 = 0. Calculate the greatest common divisor of l and x.
2
Let j be -2 - (1 + -3 + -7). Let x = j + 15. Calculate the highest common factor of x and 11.
11
Let x be 16/6 + (-6)/9. Suppose 2*b + x*r = -0*r + 8, -3*b + 20 = -r. Let w(z) = 67*z - 1. Let c be w(1). Calculate the greatest common divisor of c and b.
6
Let h = 21 + -11. Suppose -2*f + 2*o + 2 = 0, -7 = 4*f + 3*o + h. Let g be 32/f*(-6)/3. Calculate the highest common divisor of g and 4.
4
Let n(d) = -d**3 - 2*d**2. Let i be n(-4). Let o(t) = -3*t**3 + t**2. Let c = -12 - -11. Let h be o(c). What is the greatest common factor of h and i?
4
Let f(s) = 3*s - 3. Let a be f(4). Let l be (-2)/a - (-58)/18. Calculate the highest common factor of l and 1.
1
Suppose -2*y = 2*y - 32. Calculate the highest common factor of y and 88.
8
Suppose 0 = q - 2*q + 54. Suppose 5*z - 3 - 2 = 0. Suppose -2*v + 8 = 0, -v - 7 = -2*w + z. Calculate the highest common divisor of q and w.
6
Suppose 2*o - o + 4*b = -16, -4*b - 28 = -2*o. Let m(j) = -j**3 + 5*j**2 - j + 7. Let t = 12 - 7. Let c be m(t). Calculate the highest common factor of c and o.
2
Suppose 28 = -5*j - 0*j + 2*k, -11 = j + 5*k. Let q = j - -13. Calculate the greatest common divisor of 35 and q.
7
Suppose 1 + 39 = 5*j. What is the highest common factor of 16 and j?
8
Let b(x) = 3*x**2 - 2*x + 3. Let r be b(-3). Suppose -3*h = 2*u - r, -2*h + 2 = -6. Calculate the greatest common divisor of u and 108.
12
Suppose -c - 3*f = -5*f - 11, 0 = 4*f. Calculate the highest common factor of c and 77.
11
Let i be -5 - -1 - 12/(-2). What is the highest common factor of i and 5?
1
Let r(z) = -z**3 - 5*z**2 - 6*z - 1. Let x be r(-4). Suppose x*p = 2*p + 225. What is the highest common divisor of 15 and p?
15
Suppose -4*q + 3 = -53. Calculate the highest common factor of q and 7.
7
Let j(c) = 2*c**3 - 3*c**2 - 2*c - 3. Let x be j(3). Calculate the greatest common divisor of x and 27.
9
Let z be (-4)/(-14) - 402/(-14). Suppose -4*k + 3*k + z = 0. Suppose -k = -g + 125. What is the greatest common factor of 14 and g?
14
Let f be ((-18)/24)/((-1)/16). Suppose 0 = 4*v - 0*v - f. Suppose -r + 4 = 3*w, 0 = -v*r - w + 18 - 6. Calculate the highest common divisor of 32 and r.
4
Let l = 22 + -10. Suppose -36 - l = -3*w. What is the highest common factor of 2 and w?
2
Let w = -14 - -21. Let 